lions digit of 12219775?
1
What is the ten thousands digit of 9479556?
7
What is the units digit of 110485?
5
What is the millions digit of 28565238?
8
What is the tens digit of 355748?
4
What is the hundred thousands digit of 474543?
4
What is the thousands digit of 1244158?
4
What is the ten millions digit of 13019447?
1
What is the thousands digit of 51224?
1
What is the units digit of 335339?
9
What is the units digit of 1796309?
9
What is the ten millions digit of 14826320?
1
What is the hundred thousands digit of 205959?
2
What is the tens digit of 3298139?
3
What is the hundred thousands digit of 385779?
3
What is the ten thousands digit of 55855?
5
What is the thousands digit of 1109495?
9
What is the ten thousands digit of 22104?
2
What is the ten thousands digit of 19836843?
3
What is the units digit of 3592086?
6
What is the millions digit of 2758177?
2
What is the tens digit of 442066?
6
What is the tens digit of 1462177?
7
What is the hundreds digit of 908799?
7
What is the ten thousands digit of 837853?
3
What is the tens digit of 2538878?
7
What is the tens digit of 7275578?
7
What is the tens digit of 217037?
3
What is the ten millions digit of 31731478?
3
What is the hundred thousands digit of 146418?
1
What is the hundreds digit of 1382686?
6
What is the units digit of 2909159?
9
What is the hundred thousands digit of 1381153?
3
What is the hundreds digit of 3919996?
9
What is the hundreds digit of 462606?
6
What is the hundreds digit of 3276360?
3
What is the tens digit of 591656?
5
What is the millions digit of 5723191?
5
What is the ten thousands digit of 483552?
8
What is the tens digit of 8654?
5
What is the units digit of 45408?
8
What is the hundreds digit of 78162?
1
What is the hundred thousands digit of 175537?
1
What is the thousands digit of 22740877?
0
What is the ten thousands digit of 4807157?
0
What is the hundreds digit of 204340?
3
What is the units digit of 3856149?
9
What is the tens digit of 1717293?
9
What is the thousands digit of 4254019?
4
What is the units digit of 5004187?
7
What is the hundred thousands digit of 1060965?
0
What is the hundreds digit of 11201833?
8
What is the thousands digit of 12508332?
8
What is the millions digit of 27487090?
7
What is the tens digit of 373721?
2
What is the tens digit of 295630?
3
What is the millions digit of 17289409?
7
What is the hundred thousands digit of 422638?
4
What is the hundreds digit of 427555?
5
What is the units digit of 7097481?
1
What is the hundred thousands digit of 559498?
5
What is the millions digit of 2819757?
2
What is the units digit of 815904?
4
What is the hundred thousands digit of 640448?
6
What is the hundreds digit of 3815845?
8
What is the hundred thousands digit of 109601?
1
What is the thousands digit of 3441533?
1
What is the ten millions digit of 23187136?
2
What is the ten millions digit of 39637553?
3
What is the ten thousands digit of 428312?
2
What is the thousands digit of 1620547?
0
What is the tens digit of 315184?
8
What is the ten thousands digit of 73268?
7
What is the thousands digit of 13873903?
3
What is the ten thousands digit of 11765655?
6
What is the units digit of 4890761?
1
What is the hundreds digit of 523214?
2
What is the millions digit of 6627681?
6
What is the thousands digit of 9081601?
1
What is the ten thousands digit of 13201413?
0
What is the thousands digit of 272631?
2
What is the thousands digit of 2218763?
8
What is the hundreds digit of 852550?
5
What is the millions digit of 11590743?
1
What is the tens digit of 1443910?
1
What is the hundreds digit of 205780?
7
What is the hundred thousands digit of 480950?
4
What is the millions digit of 1480429?
1
What is the hundred thousands digit of 124692?
1
What is the millions digit of 8903549?
8
What is the hundred thousands digit of 7121419?
1
What is the ten thousands digit of 59813?
5
What is the ten millions digit of 16646827?
1
What is the hundred thousands digit of 1697233?
6
What is the tens digit of 60339?
3
What is the hundreds digit of 169669?
6
What is the hundred thousands digit of 6940307?
9
What is the units digit of 12154087?
7
What is the ten thousands digit of 261275?
6
What is the tens digit of 524118?
1
What is the millions digit of 1738316?
1
What is the hundred thousands digit of 700354?
7
What is the millions digit of 7974468?
7
What is the hundreds digit of 5523201?
2
What is the thousands digit of 3236920?
6
What is the hundreds digit of 8270872?
8
What is the units digit of 306086?
6
What is the thousands digit of 612429?
2
What is the ten thousands digit of 2348131?
4
What is the millions digit of 7270678?
7
What is the hundreds digit of 521757?
7
What is the ten thousands digit of 2584020?
8
What is the hundred thousands digit of 332657?
3
What is the ten thousands digit of 285595?
8
What is the thousands digit of 168328?
8
What is the hundreds digit of 3439471?
4
What is the thousands digit of 192446?
2
What is the millions digit of 17955577?
7
What is the hundred thousands digit of 233339?
2
What is the tens digit of 280551?
5
What is the units digit of 166681?
1
What is the hundreds digit of 38229?
2
What is the tens digit of 3051504?
0
What is the units digit of 95598?
8
What is the thousands digit of 11215?
1
What is the tens digit of 23244455?
5
What is the hundred thousands digit of 1132147?
1
What is the ten thousands digit of 162700?
6
What is the millions digit of 2276220?
2
What is the hundred thousands digit of 213308?
2
What is the units digit of 1639495?
5
What is the tens digit of 5281487?
8
What is the thousands digit of 30063?
0
What is the hundreds digit of 197357?
3
What is the tens digit of 3205688?
8
What is the units digit of 9106641?
1
What is the thousands digit of 842105?
2
What is the hundreds digit of 2225484?
4
What is the ten thousands digit of 571037?
7
What is the millions digit of 7539976?
7
What is the units digit of 1048208?
8
What is the tens digit of 581703?
0
What is the thousands digit of 6840997?
0
What is the hundred thousands digit of 959393?
9
What is the millions digit of 3309068?
3
What is the units digit of 9094936?
6
What is the hundred thousands digit of 2226946?
2
What is the hundreds digit of 790568?
5
What is the tens digit of 4918314?
1
What is the units digit of 41059?
9
What is the tens digit of 146629?
2
What is the units digit of 341772?
2
What is the millions digit of 2140427?
2
What is the thousands digit of 181827?
1
What is the units digit of 1895404?
4
What is the tens digit of 72713?
1
What is the thousands digit of 400412?
0
What is the millions digit of 1055882?
1
What is the hundred thousands digit of 1047973?
0
What is the hundreds digit of 2390893?
8
What is the millions digit of 6304781?
6
What is the tens digit of 199521?
2
What is the hundreds digit of 4110690?
6
What is the units digit of 25321240?
0
What is the ten thousands digit of 29207883?
0
What is the thousands digit of 93289?
3
What is the hundred thousands digit of 1015517?
0
What is the millions digit of 1551083?
1
What is the hundreds digit of 2303078?
0
What is the thousands digit of 484223?
4
What is the tens digit of 613329?
2
What is the hundred thousands digit of 838003?
8
What is the tens digit of 1000856?
5
What is the units digit of 706275?
5
What is the hundred thousands digit of 593716?
5
What is the thousands digit of 1766143?
6
What is the hundreds digit of 5311608?
6
What is the units digit of 320612?
2
What is the ten thousands digit of 32999078?
9
What is the thousands digit of 209348?
9
What is the ten millions digit of 12858617?
1
What is the hundred thousands digit of 484226?
4
What is the hundred thousands digit of 2569951?
5
What is the thousands digit of 418439?
8
What is the hundreds digit of 1733822?
8
What is the millions digit of 7831903?
7
What is the millions digit of 1409196?
1
What is the ten thousands digit of 13790?
1
What is the hundreds digit of 27483512?
5
What is the hundred thousands digit of 3730854?
7
What is the ten thousands digit of 4161596?
6
What is the thousands digit of 5215936?
5
What is the units digit of 2966818?
8
What is the millions digit of 41899561?
1
What is the hundred thousands digit of 1298398?
2
What is the units digit of 17197923